{"id":2037,"date":"2024-01-11T21:50:03","date_gmt":"2024-01-11T20:50:03","guid":{"rendered":"https:\/\/www.mourstennisclub.fr\/?page_id=2037"},"modified":"2024-03-19T20:32:47","modified_gmt":"2024-03-19T19:32:47","slug":"acceuil","status":"publish","type":"page","link":"https:\/\/www.mourstennisclub.fr\/index.php\/acceuil\/","title":{"rendered":"Accueil"},"content":{"rendered":"\n<p><span class=\"fontstyle0\">L&rsquo;\u00e9dito du Pr\u00e9sident<\/span>  <\/p>\n\n\n\n<p>Tout d&rsquo;abord, je tiens \u00e0 remercier tous ceux qui nous font d\u00e9j\u00e0 confiance et nous accompagnent, pour certains depuis de nombreuses ann\u00e9es, et qui nous permettent de progresser et de nous d\u00e9velopper.<\/p>\n\n\n\n<p><span class=\"fontstyle0\">Notre <\/span><span class=\"fontstyle0\" style=\"font-size:15pt;\">club se d\u00e9finit en <\/span><span class=\"fontstyle0\">3 <\/span><span class=\"fontstyle0\" style=\"font-size:13pt;\">mots<\/span><span class=\"fontstyle0\" style=\"font-size:16pt;\">: <\/span><span class=\"fontstyle0\" style=\"font-size:15pt;\">Multi-raquettes, familial, <\/span><span class=\"fontstyle0\" style=\"font-size:13pt;\">et <\/span><span class=\"fontstyle0\" style=\"font-size:15pt;\">convivial<\/span> .<\/p>\n\n\n\n<p>Nous nous sommes diff\u00e9renci\u00e9s des clubs alentours en construisant 3 terrains de Beach Tennis, infrastructure permanente qui nous permet d&rsquo;organiser des comp\u00e9titions nationales.<\/p>\n\n\n\n<p>De plus nous engageons chaque ann\u00e9e plusieurs \u00e9quipes en comp\u00e9tition de tennis. Notre club rayonne ainsi en Dr\u00f4me Ard\u00e8che.Nous avons d\u00e9marr\u00e9 la saison 2023\/2024 avec de tr\u00e8s bons r\u00e9sultats. 3 \u00e9quipes ont \u00e9t\u00e9 engag\u00e9es au championnat d&rsquo;automne, l&rsquo;\u00e9quipe 1 a remport\u00e9 le championnat, et l&rsquo;\u00e9quipe 2 ainsi que l&rsquo;\u00e9quipe f\u00e9minine ont atteint les 1\/2 finales.<\/p>\n\n\n\n<p>Nous avons besoin de partenaires pour continuer notre aventure et participer au financement de nos projets et \u00e9v\u00e9nements. Nous vous remercions pour votre soutien.<\/p>\n\n\n\n<p>Le Pr\u00e9sident Werner SCHUMANN<\/p>\n","protected":false},"excerpt":{"rendered":"<p>L&rsquo;\u00e9dito du Pr\u00e9sident Tout d&rsquo;abord, je tiens \u00e0 remercier tous ceux qui nous font d\u00e9j\u00e0 confiance et nous accompagnent, pour certains depuis de nombreuses ann\u00e9es, &hellip; <\/p>\n","protected":false},"author":1,"featured_media":0,"parent":0,"menu_order":0,"comment_status":"closed","ping_status":"closed","template":"","meta":{"om_disable_all_campaigns":false,"_uag_custom_page_level_css":"","_monsterinsights_skip_tracking":false,"_monsterinsights_sitenote_active":false,"_monsterinsights_sitenote_note":"","_monsterinsights_sitenote_category":0,"_themeisle_gutenberg_block_has_review":false,"footnotes":""},"class_list":["post-2037","page","type-page","status-publish","hentry"],"aioseo_notices":[],"uagb_featured_image_src":{"full":false,"thumbnail":false,"medium":false,"medium_large":false,"large":false,"1536x1536":false,"2048x2048":false,"bam-large":false,"bam-featured":false,"bam-list":false,"bam-thumb":false,"bam-small":false},"uagb_author_info":{"display_name":"admin5642","author_link":"https:\/\/www.mourstennisclub.fr\/index.php\/author\/admin5642\/"},"uagb_comment_info":0,"uagb_excerpt":"L&rsquo;\u00e9dito du Pr\u00e9sident Tout d&rsquo;abord, je tiens \u00e0 remercier tous ceux qui nous font d\u00e9j\u00e0 confiance et nous accompagnent, pour certains depuis de nombreuses ann\u00e9es, &hellip;","_links":{"self":[{"href":"https:\/\/www.mourstennisclub.fr\/index.php\/wp-json\/wp\/v2\/pages\/2037","targetHints":{"allow":["GET"]}}],"collection":[{"href":"https:\/\/www.mourstennisclub.fr\/index.php\/wp-json\/wp\/v2\/pages"}],"about":[{"href":"https:\/\/www.mourstennisclub.fr\/index.php\/wp-json\/wp\/v2\/types\/page"}],"author":[{"embeddable":true,"href":"https:\/\/www.mourstennisclub.fr\/index.php\/wp-json\/wp\/v2\/users\/1"}],"replies":[{"embeddable":true,"href":"https:\/\/www.mourstennisclub.fr\/index.php\/wp-json\/wp\/v2\/comments?post=2037"}],"version-history":[{"count":5,"href":"https:\/\/www.mourstennisclub.fr\/index.php\/wp-json\/wp\/v2\/pages\/2037\/revisions"}],"predecessor-version":[{"id":2155,"href":"https:\/\/www.mourstennisclub.fr\/index.php\/wp-json\/wp\/v2\/pages\/2037\/revisions\/2155"}],"wp:attachment":[{"href":"https:\/\/www.mourstennisclub.fr\/index.php\/wp-json\/wp\/v2\/media?parent=2037"}],"curies":[{"name":"wp","href":"https:\/\/api.w.org\/{rel}","templated":true}]}}